t x be m(g). Calculate the highest common factor of 16 and x.
8
Suppose 0 = -s + 6*s - 15, 4*s = 2*o + 4. Suppose 5*l - 6*g + g = 50, l - 10 = -o*g. Calculate the highest common divisor of 70 and l.
10
Suppose 0 = -2*j + 5*j + 6. Suppose 0 = -0*z - 3*z + 6. Let b be j/2 - (-2 - z). Calculate the greatest common factor of 12 and b.
3
Let x(g) = g + 9. Let r be x(-3). Calculate the highest common divisor of r and 54.
6
Suppose -560 = -9*h + 5*h. What is the greatest common divisor of h and 20?
20
Let x(t) = -12*t - 3. Let c be x(-3). Let a(v) = -v**3 - 8*v**2 + 30*v - 22. Let o be a(-11). Calculate the greatest common factor of c and o.
11
Suppose -10 = 2*z - 3*z. Let r(f) = f**2 + 14*f - 11. Let a be r(-15). What is the highest common divisor of a and z?
2
Suppose 0 = -3*t + 5*d + 33, -d - 2*d = -4*t + 33. Let p be (-4)/t + (-156)/(-18). Let q = 13 - p. Calculate the greatest common divisor of 1 and q.
1
Suppose 3*f + f = 0. Suppose 2*l = -f*l + 96. What is the greatest common factor of l and 32?
16
Suppose 1 = -4*f + 5. Let t be (-16)/(-24) + (-4)/(-3). Suppose 5*i - 12 = -4*m - 5, -10 = t*i. Calculate the highest common divisor of m and f.
1
Suppose -5*w + 815 = 3*h, -3*h + w + 809 = -0*h. What is the greatest common divisor of h and 54?
54
Let c be (1/(-1))/((-4)/80). Let b = c - -2. What is the highest common factor of 55 and b?
11
Let r = -4 + 32. What is the highest common factor of r and 28?
28
Suppose 3*y + 33 = 141. Suppose -p = 2*p - y. What is the greatest common divisor of p and 30?
6
Let r be (-10)/(-3)*3/2. Let t = 13 - r. What is the highest common divisor of t and 12?
4
Let m be 123 + (0 - (-5 + 2)). Calculate the highest common divisor of 18 and m.
18
Let c(f) = 4*f - 11. Let y be c(6). What is the highest common factor of y and 26?
13
Suppose a + 2*s - 10 = 0, 5*s + 0*s - 15 = 0. Let d be 2/6 + (-15)/(-9). What is the greatest common divisor of d and a?
2
Suppose -644 + 28 = -7*o. Suppose -14 = -2*z - v, -4*z = -4*v - 12 - 28. What is the greatest common factor of z and o?
8
Suppose -9*r + 84 = 5*r. Let q(s) = 8*s**3 - 2*s. Let n be q(2). Calculate the highest common factor of r and n.
6
Let p(a) = a**3 + 12*a**2 + 12*a - 10. Let t be p(-10). What is the highest common factor of t and 14?
14
Suppose -2*w - 8 = -0*w, 2*z + 2*w - 48 = 0. Suppose -2*r - y - 3*y + z = 0, -2*r - y = -25. What is the greatest common divisor of 4 and r?
4
Suppose -5*b + 198 = 6*b. Let x be 127/1 + 1/(-1). Calculate the greatest common divisor of b and x.
18
Suppose 3*r = i + r + 11, 23 = -3*i + r. Let c = -3 - i. Suppose -c*v = -7*v + 396. Calculate the greatest common divisor of 12 and v.
12
Let v = 16 + -5. Suppose -7*k = -5 - 72. What is the greatest common factor of k and v?
11
Let y(s) = s**2 - 3*s - 3. Let m be y(-3). Let v = -3 - -2. Let q(n) = -9*n + 1. Let g be q(v). What is the highest common divisor of g and m?
5
Suppose 2*z + 53 = 4*c + 3*z, z = -c + 14. What is the highest common factor of 91 and c?
13
Suppose -22 - 8 = -3*d. Suppose 3*r - d = r. Suppose -6 = -2*h - h. What is the greatest common divisor of r and h?
1
Let w = -29 + 139. What is the greatest common factor of w and 10?
10
Let x be (-4)/2*16/8. Let s be (1*x - 1)*-3. What is the highest common divisor of 120 and s?
15
Suppose 14*n = 371 - 63. What is the greatest common divisor of 2 and n?
2
Suppose 0 = -5*a + 6*a - 20. Let x be 2/(-8) - 51/(-12). What is the highest common divisor of x and a?
4
Suppose -3*z - 177 = -8*z - c, 3*z + c - 105 = 0. Suppose -z = 6*t - 2*t. Let h be (-5 - -2)*1*t. Calculate the highest common factor of h and 9.
9
Let g = 13 + 2. What is the highest common divisor of g and 30?
15
Suppose -47 = -7*l + 107. Let c = -4 + 6. Calculate the highest common divisor of l and c.
2
Let z(b) = -3 - 5*b + 2*b + 2*b**2 + 3. Let i be z(3). Suppose 1 - i = -s. What is the highest common divisor of 4 and s?
4
Suppose y - 6 = -y. Let f be (4/(-6))/((-3)/54). What is the highest common factor of y and f?
3
Suppose 2*o - 3*a = 28, -2*o + 4*a - 5*a = -20. What is the highest common factor of o and 11?
11
Let b(j) = j**2 - 11*j + 10. Let r be b(11). Let z(c) = -c - 3. Let h be z(-8). What is the greatest common factor of h and r?
5
Let n(a) = -a - 6. Let q be n(-6). Suppose 3*o - 96 - 66 = q. Calculate the greatest common factor of o and 6.
6
Suppose -24 - 146 = -2*a. Calculate the greatest common factor of 17 and a.
17
Let s = -5 - -8. Suppose 0 = -s*p + 21 + 15. Let x = p + -2. Calculate the greatest common divisor of 20 and x.
10
Suppose -t = -2*g - 0*t + 69, 4*t = -4. Suppose -5*z = w - 35, -w + 4*z = -2*w + g. What is the highest common divisor of w and 45?
15
Let a = 27 + -15. Let b be -1 - (-36 + -4 + 3). Calculate the greatest common factor of b and a.
12
Let m = 3 + 11. Let b = 32 - m. What is the highest common divisor of 18 and b?
18
Suppose 12*v = 11*v + 20. Calculate the highest common divisor of v and 20.
20
Suppose 2*g + 2*p - 6*p = 8, 2*p = -4*g + 6. Suppose -c - 32 = -z - g*c, 4*z - 112 = 4*c. Calculate the greatest common divisor of 20 and z.
10
Suppose 0 = 2*o - 2, 20 + 7 = 2*s + o. What is the greatest common divisor of s and 117?
13
Let k(o) = 6*o**2 + 2*o - 4. Let p be k(-2). Calculate the highest common factor of p and 176.
16
Let v = 14 - 7. Suppose 6*w = w - 85. Let a = -3 - w. Calculate the highest common divisor of a and v.
7
Let h = 113 - 58. What is the highest common divisor of h and 5?
5
Suppose 15*n - 4*n - 220 = 0. Calculate the highest common divisor of 15 and n.
5
Let b = 14 + -4. Suppose -5*o + 0*l + b = -2*l, 4*l - 28 = -2*o. Calculate the highest common divisor of 28 and o.
4
Suppose -4 = 2*p - 34. What is the greatest common divisor of 15 and p?
15
Suppose 3*d = d + 78. Calculate the highest common divisor of 26 and d.
13
Let u(h) = -4*h - 2. Let j be 6/5*30/(-9). Let l be u(j). Calculate the greatest common factor of l and 21.
7
Let u be (-284)/(-88)*14 - 2/11. Calculate the highest common factor of u and 15.
15
Suppose 2*o = -4*d + 10, -5*o + 3*o - 25 = -3*d. Suppose 3*i + 0*p = 5*p + 28, -60 = -d*i + 5*p. Calculate the highest common factor of 16 and i.
16
Let p be 4/5*60/8. Let z = -6 + p. Suppose -y + 0*y + 72 = z. Calculate the highest common divisor of y and 8.
8
Suppose 4*n - 123 = -27. Let o(x) = -x - 2. Let k be o(-6). Calculate the greatest common factor of k and n.
4
Suppose 2 = -4*f - 3*o, 4*f - 3*o = -4*o + 2. Let t be f/(-2)*2 + 2. Calculate the greatest common divisor of 11 and t.
1
Suppose 5*l + 27 = 147. Suppose -w - 2*i = 88, 2*w - 6*w + i = 316. Let y be w*-3*1/4. What is the highest common divisor of l and y?
12
Let i = -51 - -67. Calculate the highest common factor of 48 and i.
16
Let u be (-8)/(-10)*55/22. Calculate the greatest common factor of 16 and u.
2
Suppose -5*d - 2 = h, 2 + 3 = 2*h + d. Suppose h*a = 2*a + 4*f + 61, -2*f = 5*a - 327. Let u be (0 + (-39)/9)*-6. What is the highest common factor of u and a?
13
Let o(x) = -x**3 + 2*x**2 + 4*x. Let g be o(3). Let w(j) = j**3 - 2*j**2 + 4*j - 4. Let t be w(g). What is the greatest common factor of 34 and t?
17
Suppose 4 = -y - 0, 5 = w + 2*y. Suppose 4*n - 32 = -4*k, 5*k - 2*n = -0*n + 75. What is the greatest common divisor of k and w?
13
Let d = 19 - -3. Suppose 4*a - d = -2. Suppose -4*b - 154 = -3*j + 135, -a*j + 5*b = -485. Calculate the highest common divisor of j and 11.
11
Suppose 4*v + 48 = k - 42, 3*k = 5*v + 249. What is the highest common factor of k and 52?
26
Suppose 2*v - 7 = 1. Suppose 53 = v*r - 51. Calculate the greatest common factor of 39 and r.
13
Suppose -3*q = -8*q. Let i be (25 - q)/(-1 - -2). Calculate the greatest common factor of 10 and i.
5
Let z = -2 + 0. Let n be 528/30 - z/5. What is the greatest common divisor of n and 9?
9
Let i = 3 + 3. What is the highest common factor of 66 and i?
6
Let b = -9 - -13. Suppose -7*q + 3*q + 52 = 4*w, -5*w + 47 = -b*q. Let l(n) = -21*n - 5. Let o be l(-6). What is the greatest common factor of o and w?
11
Let f = -7 + 19. Let a be 72*(2/(-6) - -1). Calculate the highest common factor of a and f.
12
Let b = -200 + 202. Let y = 15 + -9. Calculate the highest common divisor of b and y.
2
Let n(c) = -5*c - 9. Let a be n(-4). Suppose 0 = 4*y - 6 + 2. Let w be 76 + 1 - 0/y. What is the high